0, 3*f = 81 - 96. Let b be (5/3)/((-2)/(-6)). Suppose -b*r = -5 - 5. What is the remainder when d is divided by r?
1
Suppose 0 = 675*z - 660*z - 24960. What is the remainder when z is divided by 79?
5
Suppose 35 = 8*g - 21. Suppose -5*d + 28 = j, 2*j - g*j + 164 = d. Let f = 21 + -12. Calculate the remainder when j is divided by f.
6
Let y = 560 + -796. Let s = -116 - y. Calculate the remainder when s is divided by 111.
9
Suppose m - 46 = -50. Let t(d) = -d**3 - 3*d**2 + 4*d + 4. What is the remainder when 6 is divided by t(m)?
2
Suppose -7*a = -6*a + 21. Let x = a - -40. Let q(u) = -28*u - 122. Calculate the remainder when q(-7) is divided by x.
17
Let b = -115 - -285. What is the remainder when b is divided by 102?
68
Let f be -3 + (1 - -10) - 3. Suppose c + 5*v = 17, f*c = 3*c - v + 16. What is the remainder when (-411)/(-21) - 30/(-70) is divided by c?
6
Let k(j) = 481*j - 2857. Calculate the remainder when 193 is divided by k(6).
19
Suppose 0 = b + 5, 39*p + 369 = 41*p - b. Calculate the remainder when p is divided by 162.
20
Let c(q) = 112*q - 384. What is the remainder when c(19) is divided by 299?
249
Let x = 7 + -11. Let c(s) = -2*s**3 + 16*s + 23. What is the remainder when 534/27 + x/(-18) is divided by c(-2)?
6
Let l(p) = -322*p + 3279. Calculate the remainder when 1705 is divided by l(10).
53
Suppose -4*g + 1522 = 5*k - 0*k, 3*g + 3*k - 1140 = 0. What is the remainder when g is divided by 70?
28
Suppose 846*v = 856*v - 950. Calculate the remainder when 805 is divided by v.
45
Suppose 13*l = 876 - 733. Calculate the remainder when 625 is divided by l.
9
Let l = -34798 - -34826. Calculate the remainder when 103 is divided by l.
19
Let x(a) = 3*a - 8. Let j = 650 + -643. Calculate the remainder when 176 is divided by x(j).
7
Let b(v) = 11*v - 2. Let x be b(-3). Let w(z) = z**2 + 23*z - 131. Let g be w(-29). Let c = x + g. Calculate the remainder when 17 is divided by c.
1
Suppose -132 = 9*n - 15. Calculate the remainder when 24 is divided by (-132)/n - -2*(-5)/65.
4
Suppose 13*y + 4*w - 142 = 11*y, 0 = 3*y - 4*w - 163. Suppose -3*a - 108 = -5*m, -53*a = 3*m - 51*a - y. Calculate the remainder when 418 is divided by m.
19
Suppose 0 = -39*u - 43*u + 52*u + 280770. Calculate the remainder when u is divided by 253.
251
Let k = -3947 + 4104. Suppose -i + 0*i + 86 = 5*y, 0 = -5*i - 5*y + 470. Let p = k - i. Calculate the remainder when p is divided by 32.
29
Let o(x) = x**3 - 10*x**2 + 11*x - 3. Let j be ((-5)/15)/((-1)/18). Let z be o(j). Let n = -46 - z. What is the remainder when 208 is divided by n?
33
Let z(t) = t**3 - 13*t**2 + 12*t - 11. Let m be z(12). Let y = 23 + m. Suppose 23 - 17 = 2*r. What is the remainder when y is divided by r?
0
Let h(t) = 104*t**3 - t**2 + t + 2. Let k be h(-1). Let m = 110 + k. Suppose -m*b - 18 = -9*b. Calculate the remainder when b is divided by 4.
2
Suppose 5*a + 10 = -5*q, 2*q = 3*q - 4*a + 2. Calculate the remainder when 40 is divided by (12 - 8)/(q/(-6)).
4
Let u be (-5)/(10/8) + (-3 - -37). Suppose -u*x + 48*x = 2304. What is the remainder when x is divided by 6?
2
Suppose -3*o - 68 = 4*u - 84, -3*o - 40 = -4*u. Calculate the remainder when 2699 is divided by u.
4
Suppose -24*n + 19*n = -4*z - 8, -3*n - 2 = z. Suppose -q + 0 = 3*a - 425, 5*a + 5*q - 725 = n. Calculate the remainder when a is divided by 26.
10
Suppose -3*j - 3*k + 17 - 2 = 0, 21 = 3*j + k. Suppose 133 = 3*t - j. Let w = 12 - -4. Calculate the remainder when t is divided by w.
15
Let k(z) = z**3 + 10*z**2 - 25*z + 5. Let g = 14 + 16. Calculate the remainder when g is divided by k(-12).
13
Let z(y) = -475*y + 2978. Let r be z(6). Let x be ((-370)/(-6))/(2/6). Let t = x - r. Calculate the remainder when t is divided by 15.
12
What is the remainder when 189 is divided by 83 + (72/(-9) - (-2)/2)?
37
Suppose -192*n + 1205 + 1675 = -156*n. What is the remainder when (-240 + 1)/(6/(-12)) is divided by n?
78
Suppose 12*k - 2478 = 236 + 274. What is the remainder when 9460 is divided by k?
247
Let x(c) = 616*c - 3295. What is the remainder when x(6) is divided by 82?
73
Let t = -6609 + 6757. Calculate the remainder when 441 is divided by t.
145
Suppose -306*w = 99*w - 21465. Calculate the remainder when 2273 is divided by w.
47
Let l be 0 + -3 + 4 + 191. Suppose 10*k - l = -6*k. Let m = -82 + 139. Calculate the remainder when m is divided by k.
9
Suppose 16 = -0*q + 4*q. Let x = 1001 + -989. What is the remainder when x is divided by q?
0
Suppose v - 288 = -70. Suppose 5*z = w + 20, 3*w + 3496 = 4*z + 3502. Calculate the remainder when v is divided by z.
2
Let d = 3366 - 3049. Calculate the remainder when d is divided by 46.
41
Let y be (-8)/20*-15 + -14. Calculate the remainder when (8/(-6) + 4)/(y/(-156)) is divided by 22.
8
Suppose 24*f - 48 = 48. Suppose f*c - 84 = -0. Calculate the remainder when 312 is divided by c.
18
Calculate the remainder when ((-1)/(-2))/((-202314)/(-11900) - 17) is divided by 199.
27
Suppose s = 3*f + 63 + 173, -2*s - 4*f = -512. Let v = s - 223. Let o = 81 - -14. What is the remainder when o is divided by v?
20
Let o = -6 + -17. Suppose -4*x - 82 = 2*s, s + 36 - 95 = 3*x. Let g = x - o. Calculate the remainder when g is divided by 1.
0
Suppose 8*j = 5022 + 1782 - 916. What is the remainder when j is divided by 247?
242
Let n = -720 - -715. What is the remainder when ((-8)/24)/(n/615) is divided by 15?
11
Let f = -93 + 95. Let m be 1*(3 + (4 - f)). Suppose -5*g + 3 = 8, 5*g = m*j - 220. What is the remainder when 213 is divided by j?
41
Let u(h) = -258*h - 1312. What is the remainder when u(-7) is divided by 43?
21
Suppose 65*m - 4410 = 75*m - 115*m. Calculate the remainder when m is divided by (5/3)/((-1)/(-9)).
12
Let x(v) = v**3 - 2*v**2 - 5*v - 3. Let i be x(4). Let q be ((-16)/6)/(3/i). Calculate the remainder when 9 is divided by (q - -2)*1/(-3).
1
What is the remainder when 879 is divided by 3/((90/12)/5) + 14?
15
Calculate the remainder when 2/9 - ((-42594)/54 + 19) is divided by 146.
40
Let m(x) = -x**3 - 6*x**2 + x - 30. Let u be m(-7). Suppose -266 - 1390 = -u*i. What is the remainder when i is divided by 28?
26
Suppose -4*x = -2*b - 37 + 547, b - 3*x - 260 = 0. Suppose -8*s + b = -115. Let g(r) = 17*r**2. What is the remainder when s is divided by g(1)?
11
Let w = -5 + 83. Suppose 9*u - 4*u = -h + 62, 5*u - 68 = -4*h. What is the remainder when w is divided by u?
6
Let s = 49 - 29. Suppose -2*h = 3*b + 4, -1 = 4*h + b - 13. Suppose -d + 5 = -2*u, -h*d - 29 = -8*d - u. Calculate the remainder when s is divided by d.
6
Let s = 14292 - 14276. What is the remainder when 558 is divided by s?
14
Suppose -s + 0 + 29 = 0. Let k = -6232 - -6280. Calculate the remainder when k is divided by s.
19
Let j = 7614 - 7589. Calculate the remainder when 29 is divided by j.
4
Let l = 3839 + -3777. Suppose -3*n - 5 = -17. Suppose -n*t + 44 = -0*t. What is the remainder when l is divided by t?
7
What is the remainder when -7 + 189 + (-8)/4 is divided by 96?
84
Let x(t) = t**3 - 13*t**2 + 19*t - 52. What is the remainder when 1262 is divided by x(12)?
14
Let j(r) = r**2 + 23*r + 48. Let q be j(-21). Let o = 188 + q. Calculate the remainder when o is divided by 15.
14
Suppose -12*x + u = -7*x - 4009, -5*x - 5*u + 3985 = 0. Calculate the remainder when x is divided by 37.
24
Suppose 44*a + d - 12 = 40*a, -d = -a + 8. Suppose q = -x + 66, a*q + 2*x - 41 = 227. What is the remainder when 202 is divided by q?
66
Let b(u) = 151*u - 5. Let k(l) = 150*l - 4. Let t(f) = -4*b(f) + 5*k(f). What is the remainder when t(1) is divided by 1/2 - (-8 - (-330)/(-20))?
21
What is the remainder when ((-855)/(-6))/(603/66 + -9) is divided by 174?
1
Suppose -6*b = -3*b + 30. Let d be 1/(-2 - 25/b). Suppose 134 = 2*v - i, -d*v + 0*v + 2*i = -134. Calculate the remainder when v is divided by 17.
16
Suppose 624*v - 9338 = 595*v. What is the remainder when v is divided by 100?
22
Suppose 4*t + t - 14 = m, 0 = 3*m - t. Calculate the remainder when -1*m + 42 + 2 is divided by (1/4*-3)/((-3)/(-308)*(-1134)/324).
21
Suppose 2*y + 24 = 3*y. Suppose -4*v - c - 124 = v, 5*v - c + 116 = 0. What is the remainder when y is divided by 39*(4/10)/(v/(-20))?
11
Suppose 16*u - 150 = u. Suppose 4*g + 163 = u*d - 7*d, 0 = -5*d + 4*g + 277. Calculate the remain